{"id":95,"date":"2025-07-25T00:23:56","date_gmt":"2025-07-24T22:23:56","guid":{"rendered":"http:\/\/hunosinka.com\/?post_type=product&#038;p=95"},"modified":"2025-11-16T23:51:57","modified_gmt":"2025-11-16T22:51:57","slug":"retroexcavadora-bull-4wd","status":"publish","type":"product","link":"https:\/\/hunosinka.com\/?product=retroexcavadora-bull-4wd","title":{"rendered":"Retroexcavadora BULL 4WD"},"content":{"rendered":"<p data-start=\"2200\" data-end=\"2488\">La retroexcavadora <strong data-start=\"2236\" data-end=\"2248\">BULL 4WD<\/strong> es una m\u00e1quina multifuncional de alto rendimiento, ideal para labores de excavaci\u00f3n, nivelaci\u00f3n y carga en terrenos agr\u00edcolas, construcci\u00f3n y miner\u00eda. Su tracci\u00f3n en las cuatro ruedas permite un excelente desempe\u00f1o en terrenos irregulares.<\/p>\n<p data-start=\"2490\" data-end=\"2510\"><strong data-start=\"2490\" data-end=\"2510\">Caracter\u00edsticas:<\/strong><\/p>\n<ul data-start=\"2511\" data-end=\"2658\">\n<li data-start=\"2511\" data-end=\"2555\">\n<p data-start=\"2513\" data-end=\"2555\">Potente brazo excavador y cargador frontal<\/p>\n<\/li>\n<li data-start=\"2556\" data-end=\"2593\">\n<p data-start=\"2558\" data-end=\"2593\">Cabina cerrada para mayor seguridad<\/p>\n<\/li>\n<li data-start=\"2594\" data-end=\"2616\">\n<p data-start=\"2596\" data-end=\"2616\">Tracci\u00f3n total (4&#215;4)<\/p>\n<\/li>\n<li data-start=\"2617\" data-end=\"2658\">\n<p data-start=\"2619\" data-end=\"2658\">Controles ergon\u00f3micos y f\u00e1ciles de usar<\/p>\n<\/li>\n<\/ul>\n","protected":false},"excerpt":{"rendered":"<p>Retroexcavadora 4&#215;4 para excavaci\u00f3n y carga pesada. Robusta y eficiente.<\/p>\n","protected":false},"featured_media":89,"comment_status":"open","ping_status":"closed","template":"","meta":[],"product_brand":[],"product_cat":[19],"product_tag":[],"class_list":{"0":"post-95","1":"product","2":"type-product","3":"status-publish","4":"has-post-thumbnail","6":"product_cat-maquinarias-agricolas","8":"first","9":"instock","10":"taxable","11":"shipping-taxable","12":"product-type-simple"},"_links":{"self":[{"href":"https:\/\/hunosinka.com\/index.php?rest_route=\/wp\/v2\/product\/95","targetHints":{"allow":["GET"]}}],"collection":[{"href":"https:\/\/hunosinka.com\/index.php?rest_route=\/wp\/v2\/product"}],"about":[{"href":"https:\/\/hunosinka.com\/index.php?rest_route=\/wp\/v2\/types\/product"}],"replies":[{"embeddable":true,"href":"https:\/\/hunosinka.com\/index.php?rest_route=%2Fwp%2Fv2%2Fcomments&post=95"}],"wp:featuredmedia":[{"embeddable":true,"href":"https:\/\/hunosinka.com\/index.php?rest_route=\/wp\/v2\/media\/89"}],"wp:attachment":[{"href":"https:\/\/hunosinka.com\/index.php?rest_route=%2Fwp%2Fv2%2Fmedia&parent=95"}],"wp:term":[{"taxonomy":"product_brand","embeddable":true,"href":"https:\/\/hunosinka.com\/index.php?rest_route=%2Fwp%2Fv2%2Fproduct_brand&post=95"},{"taxonomy":"product_cat","embeddable":true,"href":"https:\/\/hunosinka.com\/index.php?rest_route=%2Fwp%2Fv2%2Fproduct_cat&post=95"},{"taxonomy":"product_tag","embeddable":true,"href":"https:\/\/hunosinka.com\/index.php?rest_route=%2Fwp%2Fv2%2Fproduct_tag&post=95"}],"curies":[{"name":"wp","href":"https:\/\/api.w.org\/{rel}","templated":true}]}}